-5)))?
0
What is 8 + -13 + 12 + -4?
3
What is the value of -90 - (-47 - -5) - -83?
35
Evaluate (9 - -7) + -8 - 6.
2
Calculate 11 - (-1 + 7 + 7).
-2
What is -75 + -13 + 77 - (0 + 13)?
-24
What is -3 + (-11 - (13 - (-2 + 28)))?
-1
-20 + 16 + 0 + -8
-12
-82 + 73 + 16 + 0
7
What is the value of (0 + -5 - -10) + -15 - (-5 + -3)?
-2
Evaluate -11 - -12 - (2 + -8) - 3.
4
Evaluate (-27 - -35) + (-10 - (1 + -2)).
-1
(-2 - 1 - (6 + -17)) + (93 - 84)
17
Calculate -5 - (6 + (-5 - -14 - 36)).
16
Evaluate (-60 - (-20 - 34)) + (-2 + 9 - 1).
0
Evaluate 359 + -364 + (-10 - (-3 - (-1 - 0))).
-13
Evaluate 9 + 2 + (11 - (24 - -19)).
-21
What is the value of -12 + 2 + 2 + (-18 - (-4 + 16))?
-38
5 + (26 - 5) + -31
-5
Calculate -10 + (-33 - (-2 - (17 - 7))).
-31
What is the value of (24 - 4) + -33 - (3 - (0 - 0))?
-16
What is (-36 - -20) + 11 - (4 + -4)?
-5
Calculate -2 - (1 + 2 - (6 + 1 - -3)).
5
What is 2 - (-6 + 14 + 4 + (1 - -4))?
-15
Evaluate -2 - -2 - ((28 - 25) + 5).
-8
-36 + 52 + -1 + -2 + 2
15
Evaluate 6 - (4 - (1 + (-6 - -5))).
2
Evaluate 25 - (7 + 4 + 3).
11
21 - 34 - (-6 - (-6 - (-5 + 2)))
-10
Calculate (48 - 41 - (-1 + 15)) + 3.
-4
What is the value of 9 - (-4 + (8 - 8) + -2 + 31)?
-16
Evaluate 4 - 11 - (5 + -2 - 9 - -1).
-2
Calculate (-10 - (-20 + 15) - 3) + -6.
-14
What is (-11 + 11 - -6) + (7 - 5)?
8
What is 8 - (-29 - -15 - -6)?
16
What is the value of 1 + 4 + -6 - (22 - 18) - -2?
-3
What is (210 - 205) + (-16 - 0)?
-11
Calculate 8 + (-5 - -2) + -2 + -4 - 17.
-18
What is (-1 - 4 - 2) + -8?
-15
Calculate -8 - (3 + (-8 - -2)) - -16.
11
Calculate 13 + (-37 - -30 - 19).
-13
Evaluate (-2 + 15 - 0) + -143 + 133 - 11.
-8
0 + -9 + 25 - 0
16
45 + -32 + -12 + -1
0
-13 + (0 - (-2 + -2)) + 54 + -57
-12
Evaluate -9 - (7 - (10 + -1)).
-7
Calculate -13 - (-22 + 19) - (-14 + 4).
0
(3 - 2) + -9 + 4 + -6 + 0
-10
What is (-7 - -2 - -26) + 2 + -11?
12
Evaluate -1 + 0 + (-6 - -4) + -5.
-8
Evaluate 4 + -28 + -6 + 0 + 5.
-25
Evaluate -12 - -6 - (1 - (7 - 11) - 10).
-1
What is 9 + (-26 - 4) + 1?
-20
Calculate -1 + -8 - (-832 - -811).
12
What is the value of (1 - -1) + (7 - 40) + 30?
-1
6 + (-9 - ((2 - 12) + 2))
5
8 + -5 + 0 + -7 - (2 + -7)
1
Calculate 16 + -3 + 0 + (0 + -5 - -5).
13
What is the value of 12 + -26 + 5 + 1?
-8
What is (2 - 5 - 1) + 19 + -12 + 1?
4
What is the value of 8 + -10 - ((-1 - (10 + -4)) + -4)?
9
Calculate -7 + (-21 - (6 + -31)).
-3
Evaluate 2 + (-4 - (0 + 2 + -4)) - 1.
-1
What is the value of -7 - (17 + 3 + 13)?
-40
Evaluate -2 + 10 + -9 + 1 + 1.
1
Evaluate -1 + (3 - 9) + 14 + (2 - -5).
14
What is 7 + (-8 + 6 - -4) + 2?
11
What is the value of 22 + (-10 - 0 - (-22 - (-18 - 3)))?
13
Evaluate -632 + 611 + 0 + -9.
-30
Calculate 6 + (1 + -9 - 7).
-9
Evaluate (-6 - 6) + -2 + 8 + -6 + 4.
-8
What is the value of 6 + -3 - ((-8 - 1) + 8 - -7)?
-3
Calculate (15 - -3) + (-32 - -6).
-8
9 + -3 + (-1 - (1 + -2))
6
-9 + 20 + (-1 - -9) + -9
10
What is the value of -70 + 58 + 4 - (1 + (0 - 33))?
24
(-1 + 4 - 3) + -13
-13
Evaluate 14 + (-12 - -8) + -8.
2
9 - (-6 - (23 + -50))
-12
Calculate -19 + 1 + -299 + 316.
-1
Evaluate -7 + 10 + (-14 - -5) + 5.
-1
(24 + -17 - (-1 + (14 - -2))) + 0
-8
22 + -6 + 6 - 13
9
What is the value of (14 - (-14 + 1 + 7)) + -4?
16
What is the value of 4 - (-4 + (-8 - -24) - -1)?
-9
Evaluate (11 - 24) + -11 - -23.
-1
Evaluate 7 + 7 + -10 + 42 + -15.
31
What is (12 - (-6 + 11)) + -3?
4
What is -6 - -14 - (0 - 2 - (-1 - -24))?
33
What is the value of (-4 - (-5 - (6 - -1) - -5)) + -2?
1
Calculate -4 + 0 + -6 + 1 + -1.
-10
882 + -910 - (-51 + 0)
23
What is the value of (9 + -2 + 1 + 2 - 8) + 1?
3
What is 35 + -1 + (-225 - -195)?
4
What is (-3 - (3 + -11)) + -4?
1
Evaluate (-3 + 7 - 7) + 10 + -6.
1
What is the value of -20 + -1 + -4 + 29?
4
Evaluate (-2 - -4 - -11) + -33 + 24.
4
Evaluate (-11 - 20) + (10 - -5).
-16
Evaluate 12 - (11 - (8 + -6 + 6)).
9
What is the value of -1 - -1 - (178 + -175 - (0 + -3))?
-6
What is the value of -18 + (40 - (-20 + 28))?
14
15 + -2 - 21 - -21
13
What is the value of (5 - -7) + -6 + -9 - (44 + -12)?
-35
Evaluate (-6 - -13 - -16) + 3 + -2 + -4.
20
What is -18 + (-40 - -31) + -10?
-37
3 + (-1 - (10 + 0) - (-20 + 20))
-8
What is the value of 8 + 7 + (-9 + 15 - (-3 - -9))?
15
Evaluate -6 + -9 + -17 + 9 + 11.
-12
What is the value of (0 + 1 - -3) + (2 - (14 + -11))?
3
What is 4 + -11 + 1 + 17 + -11?
0
Evaluate (7 + -13 - 1) + 15 + -17.
-9
What is (-15 - -4 - -2) + -2?
-11
Evaluate 49 + -18 + -17 + 24.
38
Evaluate -25 - (-45 + 50 + -18).
-12
(-20 - 15) + 14 - -28
7
What is (168 - 188) + (1 - -10)?
-9
Calculate (-2 - -2) + 4 + 5 + -11.
-2
Evaluate -6 - (1 + 1 + -15 + 76 + -84).
15
Calculate 10 - (5 - (-5 + (2 - -1))) - 10.
-7
Calculate 4 + 19 + -5 + -5 - (3 - -2).
8
-3 + 18 + -16 + 8 + 10 + 1
18
25 - (-35 - (-9 + -32))
19
-1 + 2 + -74 + 95
22
What is (-2 - -26) + (-7 - 1) + (50 - 48)?
18
What is -6 + -1 + (-11 - (-1 + -10))?
-7
Evaluate 20 + (12 - (10 + 6) - 4).
12
(1 - (11 - 1)) + 11
2
What is (-6 - (0 + -9)) + -7?
-4
What is the value of -12 - (12 + -27 + 6 - (41 + -1))?
37
What is (-1 - -11 - 9) + -1 + (-3 - 2)?
-5
Evaluate 9 - (-11 - (7 - 16)) - 0.
11
(-5 + -9 - (-7 + -2)) + -6
-11
Evaluate 2 + 1 + (-9 + 6 - 5).
-5
-1 - (-83 + 83 + (1 - 2) + -4)
4
What is 30 + (-52 - -22) + (2 - 1)?
1
Evaluate 0 + 16 + (1 - -10 - 16).
11
Calculate 4 + (-44 - -4) + 19.
-17
Calculate (-6 - (-6 + 7 + 0)) + 0 - 8.
-15
Evaluate -4 + 10 + (-12 + 2 - 1).
-5
What is (3 - (13 - (14 + -8))) + -6?
-10
What is 10 - ((-3 - -24) + 12 - -1)?
-24
Evaluate -24 - ((-162 - -160) + -1 + -9).
-12
What is -4 + (8 + -1 - -1) - (9 + -13)?
8
What is 0 - (3 + (-1 - -4 - 3))?
-3
Evaluate (10 - 3) + (-5 - -8) + -10.
0
What is the value of -13 + (2 - 10 - (-55 + 16))?
18
Evaluate -582 - -584 - (18 - -1).
-17
What is (4 - 4) + 0 - (16 - (20 - 11))?
-7
What is the value of -380 + 380 + 0 + (1 - 10)?
-9
What is the value of 10 - (-24 - -60 - (2 + -3 + 8))?
-19
What is 7 + (-1 - (11 + -8 - 1))?
4
Evaluate (-31 - -25) + -2 + 24.
16
What is 3 + -16 - (-14 + 1)?
0
Evaluate 6 - ((-28 - -29) + -2 + -3).
10
What is (1 - -8) + 11 + (10 - 29)?
1
What is 20 - ((16 - -11) + -18)?
11
Calculate -7 + -3 + (-5 - -15).
0
What is 0 - 9 - (-19 + 1 + -7 + 8)?
8
What is the value of -25 - -18 - (3 - -3)?
-13
What is -32 + 2 + -58 + 85?
-3
What is the value of 2 + 2 + -2 - (-31 + 25)?
8
Calculate -16 + (-5 - (-6 + -4)) - 6.
-17
-4 + 4 + 7 - (-4 + -8 + 16)
3
What is the value of 4 + (-5 + -1 - (68 + -74))?
4
Evaluate -38 + (-21 - (-6 - 31)).
-22
Evaluate -3 + 10 + (-13 - 5) + (26 - 24).
-9
What is 8 - (-22 + 7 - -11)?
12
3 - (5 + (-4 - (10 - 6)) - -5)
1
What is 12 - (-4 + 6 + -1 + 4)?
7
Calculate -4 - ((8 - 1) + -7 + -4 + -3).
3
35 + -53 - (-1 - 3)
-14
(6 - 50 - -24) + 10
-10
What is 0 - -9 - 6 - (-22 + 24) - 2?
-1
What is the value of (-2 - -6 - 12 - -4) + 3 - -14?
13
Calculate (-13 + 5 - (1 + -18)) + -7.
2
What is the value of -15 + -38 - -30 - 2?
-25
What is the value of -4 + (-3 + -3 - 2 - -11 - -19)?
18
Calculate -27 - (20 + (-18 - 16)).
-13
Calculate -14 + 2 - (-34 + -9 + 33).
-2
(-6 - -14) + 2 + (1 - 3 - -1)
9
Evaluate -133 - -139 - (-3 - (5 + -3 + 8)).
19
-6 + -4 + 6 + -11 + -1 + 4
-12
Evaluate -1 + -1 + -3 + 32 + (0 - 37).
-10
What is -8 - (0 + -10 + 7) - -3?
-2
What is the value of -10 + (1 - (-15 + -3))?
9
What is the value of 9 - (-6 - (2 + -1) - -9)?
7
-13 - (-30 + 19 - -9)
-11
Calculate 22 + -13 + -9 - (-1 - 9).
10
16 - (-2 + -26) - 19
25
Evaluate 10 + (-5 - 4) + -1.
0
(0 - -9 - -11) + 52 + -41
31
Evaluate 3 + (3 - 12 - (1 + -13)).
6
-9 + 36 + (6 - (1 + 5))
27
Calculate -8 + (24 - (3 - (-12 + 10))).
11
-5 + 22 + -16 + 6
7
Calculate -5 - -1 - ((-20 - -22) + -6 + 8).
-8
6 + (4 - 5) + -5 + -5
-5
-2 + 6 + (-73 - -68)
-1
What is 9 - (-5 - (-20 - -1) - (13 - 18))?
-10
What is -16 + 5 + -1 + 5?
-7
-4 + -4 - (11 - 16)
-3
What is -11 + -7 - (0 - 13)?
-5
Evaluate (3 - -6) + -4 + (0 - 0) + -3.
2
-16 + (-16 - -24) + 9 + -27
-26
Calculate (2 - 19) + (-13 - (-28 + 8) - 4).
-14
What is the value of (-15 + 12 - -9) + (8 - 3)?
11
(9 - ((-4 - -1) + 8)) + 1
5
-13 - (-22 - 2) - 12
-1
2 - (7 + -6) - (-5 - (-4 - 2))
0
-31 - (-49 + 25 + 25)
-32
Evaluate 12 + -1 + (-8 - (-11 - -3)).
11
Evaluate (20 - 0 - 1 - (7 + 3)) + -5.
4
-17 - (-16 + (-5 - -11) - 1)
-6
Evaluate 32 + (79 - 41) + -55.
15
What